mber?
False
Let w(o) = -2*o**3 + 6*o**2 + 24*o - 101. Is w(-21) a prime number?
True
Let h be 18/(-22) - 4/22. Let w be 1/((-3)/(-6111)*h). Is (3/(-9))/(1/w) prime?
False
Let r(s) = 9148*s - 41. Is r(3) a prime number?
False
Let b(a) = a**2 - 6*a + 3. Let f be b(6). Let n = f + -447. Let h = n - -781. Is h prime?
True
Suppose -5*u + 18 = -7. Suppose -u*n = -291 - 29. Let i = 317 - n. Is i prime?
False
Let t be (-111)/9 - (-4)/(-6). Let j(h) = 8 + 1 + 8 - h + 1. Is j(t) a composite number?
False
Let p = 26 - -212. Suppose 4*i = p - 18. Suppose -10*g = -9*g - i. Is g prime?
False
Let f = -12001 + 27428. Is f a prime number?
True
Let w be -2*4646/10 - (-1)/5. Let v = w - -3696. Is v a prime number?
True
Suppose -c + 2 = -3. Suppose -h = -0*h - 5*f + c, 1 = -5*h + f. Let d(l) = -2*l + 443. Is d(h) a composite number?
False
Let s(a) = -23*a + 3489. Is s(0) prime?
False
Let r = -13 - -12. Let n be 0/((4/r)/(-2)). Suppose n = -0*s + s - 83. Is s a composite number?
False
Suppose -2*g + 0*g + 2*i + 14 = 0, 5*i + 5 = -5*g. Is (10/4)/(((-6)/(-172))/g) prime?
False
Let r = -141 + 61. Let m = r - -120. Let b = m + -6. Is b a composite number?
True
Let d(t) = -t**3 - 4*t**2 + 3*t - 12. Let a be d(-5). Is ((-2)/(-3))/(a/(-2019)) composite?
False
Let d(y) = -y**2 + 13*y - 9. Let g be d(12). Suppose -5*i + 6*i = 0, -g*a - 21 = -2*i. Let l(h) = 4*h**2 - 8*h + 11. Is l(a) composite?
False
Let s be (-246)/(-8)*8/3. Suppose 5*r + 2*v - s = 0, -r - 2*v = -7*v - 38. Is (516/r)/((-4)/(-6)) a composite number?
False
Suppose -2*u = -0*w - 2*w + 6, -5*w + 29 = 2*u. Let s(g) = -g**2 - u*g**2 + g**2 + 155 + 3*g**2 + g**3. Is s(0) a prime number?
False
Suppose -5*p - 6785 = -5*a - p, -3*p = 3*a - 4098. Is a composite?
False
Suppose -29*g + 19519 = -26794. Is g prime?
True
Let w = -987 - -1651. Suppose t + 2*t = 1203. Let v = w - t. Is v a composite number?
False
Let t(r) be the third derivative of r**6/120 - 2*r**5/15 - 3*r**4/8 - r**3/3 - 2*r**2. Let k be t(9). Is 31/k*(2 + -12) a composite number?
True
Suppose -5*o = -x - 1663, 3*o + x = -0*o + 993. Suppose 5*t - o = t. Is t a prime number?
True
Let j(b) = -b**3 + 7*b**2 + 9*b - 3. Let m be j(8). Let p(u) = -9*u - 2 + u**3 + 4 - 6*u**2 - 20 - m*u**2. Is p(13) prime?
False
Suppose 13*x = 14*x + 3*j - 22229, -x - 4*j = -22229. Is x composite?
False
Suppose -4*y + 10 = -9*y. Let k be 3/(-6) - 3/y. Is (1 + k)*2 + 63 a prime number?
True
Suppose -3*c + 3 = 0, 3*c - 8671 = -4*g - 0*c. Is g a composite number?
True
Let a = -2 - 8. Let s be ((-224)/a)/((-13)/(-130)). Let l = s - 113. Is l composite?
True
Let w(i) = i**2 - 2*i + 73. Let l be w(0). Let x = 30 + l. Is x a prime number?
True
Let w = -1617 + 2978. Is w a composite number?
False
Suppose 0 = -24*t + 64*t - 247880. Is t prime?
True
Let z = -43 + 34. Let u(o) = 3*o**2 - 4*o + 14. Is u(z) a prime number?
True
Let n = 43 - -64. Let m = n + -168. Let r = m + 276. Is r a composite number?
True
Let f = 1088 - -5925. Is f a prime number?
True
Let r = 1 - 1. Let t = -32 - -166. Suppose r = 5*f - 3*f - t. Is f a prime number?
True
Let n(f) = 594*f - 31. Suppose -4*i - 14 = -2*t, 0*t = 3*t + 4*i - 11. Is n(t) a prime number?
True
Let t(v) = 91*v - 22. Suppose 7*l = -4*a + 6*l + 45, 48 = 4*a + 4*l. Is t(a) a composite number?
True
Let u be 23 + 3*(-6)/(-9). Suppose u*t - 29*t + 2756 = 0. Is t prime?
False
Suppose 0 = 3*d - 5*f + 46, -d - 15 - 17 = -5*f. Let n(x) be the third derivative of x**6/120 + x**5/6 + x**4/4 + 4*x**3/3 - 3*x**2. Is n(d) composite?
False
Suppose 6*s = 61089 - 7695. Is s a prime number?
False
Suppose 2*i + y = 329, -2*i - 501 = -5*i - 4*y. Is i a composite number?
False
Suppose -f = -6*f - 5, 59883 = 4*p + f. Is p composite?
True
Let x be (-1)/((-8)/20 - (-3)/(-30)). Is (562 + (0 - x) - 2) + -1 a prime number?
True
Suppose 0 = -23*t + 186086 - 45579. Is t composite?
True
Let y(m) = m**3 - 4*m**2 - m + 2. Let i be y(7). Let d = 86 - i. Let k = 93 + d. Is k prime?
True
Let q be 11 + -12 + -1 + 11. Suppose 35 - q = 2*f. Is f a prime number?
True
Suppose 11 = -5*h + z - 0*z, -2*h - 3 = z. Let s = h - -4. Suppose -2*v + 124 = s*v. Is v composite?
False
Let s = 67 - 64. Let g be 42/(22/(-24) + 1). Suppose 2*j + u = g, -s*j - 2*u + 663 = -94. Is j a prime number?
True
Let k(x) = 7 - 3 + 5 + 11*x**2 + 10*x - 22*x. Is k(10) prime?
False
Suppose -y + 543 + 612 = 0. Suppose y = i - 104. Is i prime?
True
Let o(r) = -48*r - 82. Let q be o(-16). Suppose q + 999 = 5*v. Is v a prime number?
True
Let u(b) = 18*b**2 - 7*b + 19. Let z be 3 - ((2 - -1) + 16). Is u(z) composite?
True
Suppose 20 = q - 5*q. Let z = -1 - q. Suppose 2 = -s, -3*s = z*g + g - 2129. Is g composite?
True
Suppose 2*h - 7 = -0*h + 5*o, -h - 5*o - 19 = 0. Let k be (-1)/h*4 + -6. Is 11*-94*k/10 a prime number?
False
Is (-25)/10*134660/(-50) a prime number?
True
Suppose 4*v - 24 = -4, 3*j - 5*v + 4 = 0. Suppose -j*d + 8*d = 5. Suppose -4*s - 20 = 0, 3*c + 67 = d*c + 5*s. Is c prime?
False
Let s = 6 - 2. Let j = s - -8. Is (j/(-8) - -1)*-1294 composite?
False
Suppose 8834 = -16*y + 18*y. Is y prime?
False
Let y be (6/(-8))/((-6)/(-24)). Let s be 3/2*(y - 5). Is ((-4)/s)/((-3)/(-2259)) a composite number?
False
Let w = 111 - -31. Suppose 444 + w = 2*j. Suppose -4*g = -3*u - 84 + 327, -5*g + j = 4*u. Is u a composite number?
True
Let o(x) = 1731*x**3 - x**2 - x + 2. Let r be o(1). Let n = -934 + r. Is n prime?
True
Let d be (-1)/4 - 50/(-8). Suppose 10 = 17*a - 24. Suppose a*g + d*c - 226 = c, 4*g + c = 470. Is g a prime number?
False
Let c be 9294/(-10) + 4/10. Let h = 1806 + c. Is h a composite number?
False
Suppose -3*a = 3 - 42. Suppose -6 = 12*g - a*g. Let q(z) = 230*z - 19. Is q(g) composite?
False
Let s(f) = f**3 + 6*f**2 + 1. Let v be s(-6). Is v*(-7185)/(-25) - 4/10 a composite number?
True
Let z(o) be the second derivative of -45*o**3/2 - o**2 + 15*o. Is z(-5) a composite number?
False
Suppose -9*i + 12*i + 9 = 0. Is (-37)/(2 - (i + 6)) a prime number?
True
Let l be (-13)/(-4) + (-1)/4. Let h(m) = -13504 + 13506 - 2*m**2 + 6*m**3 + m + 0*m. Is h(l) a prime number?
True
Suppose 0 = 6*t - 2*t - 108. Let p = 154 - t. Is p composite?
False
Is (275/(-44) - (-4 - 2))*-13556 a prime number?
True
Suppose -494*k = -506*k + 54372. Is k prime?
False
Suppose 0 = -6*a + 1369 + 4205. Is a composite?
False
Let i(d) = -24*d**3 + 3*d**2 + 15*d - 37. Is i(-8) prime?
True
Suppose 4*z + 15 = -3*f, f = 4*z - 0*f - 5. Let a(b) be the first derivative of -b**4/4 - 2*b**3/3 + 65*b + 1. Is a(z) a composite number?
True
Is (-8)/(-84)*3 + (-44055)/(-35) a composite number?
False
Let l = 1172 + -385. Is l composite?
False
Suppose -5*g + 0*g + 15 = 0. Let b = g + 1. Is 4 + 1 + b/(-2) prime?
True
Suppose -44746 = 14*m - 40*m. Is m a composite number?
False
Let q(k) = 2*k**3 + k**2 - 18*k + 46. Is q(9) composite?
False
Let g(o) = o**3 - o**2 + 9*o - 4. Suppose 2*b + 5*f + 2 = 3*b, 0 = 2*b + 5*f - 19. Is g(b) a composite number?
False
Suppose -3*i - 1952 = 3*t - 45050, 5*i - 71836 = -3*t. Is i prime?
True
Suppose 3*j = -0*j - 12, d - 6449 = -2*j. Is d a composite number?
True
Let i be ((-6)/(-7))/(5 - 180/35). Is (i/4)/(12/(-70504)) prime?
False
Is 5990 + (-4)/((-40)/(-90)) prime?
True
Let w = -543 - -1083. Suppose -4*p + 780 = -w. Suppose 2*f - p = 40. Is f prime?
False
Let f be (1 - 7)/3 + 9 + -3. Suppose -6665 = -f*s + 8291. Is s composite?
False
Suppose 0 = 6*g - 4*g - 14. Let i be 15/35 - 3/g. Suppose d + 0*d - 39 = i. Is d a prime number?
False
Let y = 123 + -20. Suppose -5*w - y = 2*l - 1152, w + 5*l = 219. Is w prime?
False
Let z = -8491 - -18984. Suppose -4*u - 3*u + z = 0. Is u a composite number?
False
Let p(g) = 135*g**2 - 6*g - 5. Suppose v + 24 = 20. Is p(v) a prime number?
True
Suppose 5*k + 2 = 4*k, 3 = -5*a - 4*k. Let d be (-9 + 10)/(a/316). Suppose d + 293 = 3*u. Is u a composite number?
True
Suppose -28*w + 673403 = -2029353. Is w a composite number?
False
Let v(i) = 2*i**2 - 5*i - 20. Let f(j) = j**2 - 3*j - 10. Let a(x) = 7*f(x) - 4*v(x). Let b be a(-5). Is (b/20)/((-1)/1402) prime?
True
Let m(s) = -s**3 + 3*s**2 - 19*s - 19. Let d be m(-7). Let f = d - -4423. Is f a composite number?
True
Let k = 9 - 10. Let y be k/2*0/5. Suppose -3*u + 8*u - 725 = y. Is u prime?
False
Suppose 2*g = -g - 117. Let v = g + 1